{"id":33188,"date":"2022-06-03T15:24:16","date_gmt":"2022-06-03T19:24:16","guid":{"rendered":"https:\/\/diariosalud.com\/uncategorized\/participa-del-seminario-sobre-la-salud-mental-de-las-mujeres-antes-durante-y-despues-de-la-covid-19\/"},"modified":"2022-06-03T15:24:16","modified_gmt":"2022-06-03T19:24:16","slug":"participa-del-seminario-sobre-la-salud-mental-de-las-mujeres-antes-durante-y-despues-de-la-covid-19","status":"publish","type":"agenda","link":"https:\/\/ktechproduccion.net\/diariosalud.com\/agenda\/participa-del-seminario-sobre-la-salud-mental-de-las-mujeres-antes-durante-y-despues-de-la-covid-19\/","title":{"rendered":"\u00a1Participa del seminario sobre la salud mental de las mujeres: antes, durante y despu\u00e9s de la COVID-19!"},"content":{"rendered":"\n<p><em>El Centro Latinoamericano de Perinatolog\u00eda, Salud de la Mujer y Reproductiva (CLAP\/SMR)&nbsp;y la&nbsp;Organizaci\u00f3n Panamericana de la Salud invita a participar en el webinar&nbsp;\u00abCinco preguntas sobre la salud mental de las mujeres: antes, durante y despu\u00e9s de la COVID-19\u00bb,  que tendr\u00e1 lugar el jueves,&nbsp;9 de junio,&nbsp;a las 11:00 AM.&nbsp;(EDT).&nbsp;<\/em><\/p>\n\n\n\n<p>En la actualidad, el mundo todav\u00eda se enfrenta a las incertidumbres creadas por la pandemia de la COVID19; escenarios muy complejos impusieron un intenso sufrimiento emocional a la poblaci\u00f3n a nivel mundial. <\/p>\n\n\n\n<p>La amenaza que representa la epidemia sobrepasa los temas de salud f\u00edsica y se ha configurado como uno de los fen\u00f3menos de mayor impacto en materia de salud mental, para todas las poblaciones y en todos los grupos de edad. <\/p>\n\n\n\n<p>La crisis de salud generada por la COVID-19, tambi\u00e9n ha demostrado que la atenci\u00f3n que los pa\u00edses han dedicado a la salud mental es insuficiente.<\/p>\n\n\n\n<p>El prop\u00f3sito del seminario ser\u00e1 abordar la atenci\u00f3n de salud mental de las mujeres a lo largo del curso de vida antes de la pandemia por la COVID-19, durante la misma, y sus consecuencias a futuro.<\/p>\n\n\n\n<p>Para registrarse gratis haga click aqu\u00ed <a href=\"https:\/\/paho-org.zoom.us\/webinar\/register\/WN_6yu1_HrCQb62mMb_lRf3qg\">paho-org.zoom.us<\/a><\/p>\n\n\n\n<p><\/p>\n","protected":false},"featured_media":25131,"template":"","meta":{"_acf_changed":false},"class_list":["post-33188","agenda","type-agenda","status-publish","has-post-thumbnail","hentry"],"acf":[],"_links":{"self":[{"href":"https:\/\/ktechproduccion.net\/diariosalud.com\/wp-json\/wp\/v2\/agenda\/33188","targetHints":{"allow":["GET"]}}],"collection":[{"href":"https:\/\/ktechproduccion.net\/diariosalud.com\/wp-json\/wp\/v2\/agenda"}],"about":[{"href":"https:\/\/ktechproduccion.net\/diariosalud.com\/wp-json\/wp\/v2\/types\/agenda"}],"wp:featuredmedia":[{"embeddable":true,"href":"https:\/\/ktechproduccion.net\/diariosalud.com\/wp-json\/wp\/v2\/media\/25131"}],"wp:attachment":[{"href":"https:\/\/ktechproduccion.net\/diariosalud.com\/wp-json\/wp\/v2\/media?parent=33188"}],"curies":[{"name":"wp","href":"https:\/\/api.w.org\/{rel}","templated":true}]}}

¡Participa del seminario sobre la salud mental de las mujeres: antes, durante y después de la COVID-19!

<p><em>El Centro Latinoamericano de Perinatología, Salud de la Mujer y Reproductiva (CLAP/SMR)&nbsp;y la&nbsp;Organización Panamericana de la Salud invita a participar en el webinar&nbsp;«Cinco preguntas sobre la salud mental de las mujeres: antes, durante y después de la COVID-19»,  que tendrá lugar el jueves,&nbsp;9 de junio,&nbsp;a las 11:00 AM.&nbsp;(EDT).&nbsp;</em></p>



<p>En la actualidad, el mundo todavía se enfrenta a las incertidumbres creadas por la pandemia de la COVID19; escenarios muy complejos impusieron un intenso sufrimiento emocional a la población a nivel mundial. </p>



<p>La amenaza que representa la epidemia sobrepasa los temas de salud física y se ha configurado como uno de los fenómenos de mayor impacto en materia de salud mental, para todas las poblaciones y en todos los grupos de edad. </p>



<p>La crisis de salud generada por la COVID-19, también ha demostrado que la atención que los países han dedicado a la salud mental es insuficiente.</p>



<p>El propósito del seminario será abordar la atención de salud mental de las mujeres a lo largo del curso de vida antes de la pandemia por la COVID-19, durante la misma, y sus consecuencias a futuro.</p>



<p>Para registrarse gratis haga click aquí <a href="https://paho-org.zoom.us/webinar/register/WN_6yu1_HrCQb62mMb_lRf3qg">paho-org.zoom.us</a></p>



<p></p>
